{"id":20,"date":"2024-02-28T02:19:43","date_gmt":"2024-02-28T02:19:43","guid":{"rendered":"http:\/\/brhuecon.com\/2024\/?page_id=20"},"modified":"2024-07-18T22:02:51","modified_gmt":"2024-07-19T01:02:51","slug":"agenda","status":"publish","type":"page","link":"https:\/\/brhuecon.com\/2025\/agenda\/","title":{"rendered":"Agenda"},"content":{"rendered":"\n<h2 class=\"wp-block-heading has-text-align-center\">Trilha 1<\/h2>\n\n\n\n<table id=\"tablepress-2\" class=\"tablepress tablepress-id-2 tbody-has-connected-cells\">\n<thead>\n<tr class=\"row-1\">\n\t<th class=\"column-1\"><strong>Hora<\/strong><\/th><th class=\"column-2\"><strong>Tema<\/strong><\/th><th class=\"column-3\"><strong>Palestrante<\/strong><\/th>\n<\/tr>\n<\/thead>\n<tbody>\n<tr class=\"row-2\">\n\t<td class=\"column-1\">17:00<\/td><td colspan=\"2\" class=\"column-2\">Abertura<\/td>\n<\/tr>\n<tr class=\"row-3\">\n\t<td class=\"column-1\">18:15<\/td><td class=\"column-2\">Bad Gateways: Understanding Their\u00a0High\u00a0Impact - Elytron<\/td><td class=\"column-3\">Arthur Aires e Jo\u00e3o Teles<\/td>\n<\/tr>\n<tr class=\"row-4\">\n\t<td class=\"column-1\">18:30<\/td><td class=\"column-2\"><a href=\"https:\/\/brhuecon.com\/2025\/descricao-das-palestras\/\" title=\"Descri\u00e7\u00e3o das Palestras\" rel=\"noopener\" target=\"_blank\">Cyber Physical Security - Um vis\u00e3o geral<\/a><\/td><td class=\"column-3\"><a href=\"https:\/\/brhuecon.com\/2025\/descricao-das-palestras\/\" title=\"Descri\u00e7\u00e3o das Palestras\" rel=\"noopener\" target=\"_blank\">Raphael Pereira<\/a><\/td>\n<\/tr>\n<tr class=\"row-5\">\n\t<td class=\"column-1\">19:00<\/td><td class=\"column-2\">Ecossistema CTEM\u200b e CTI\u200b - Logical IT<\/td><td class=\"column-3\">Leandro Zamboni<\/td>\n<\/tr>\n<tr class=\"row-6\">\n\t<td class=\"column-1\">19:15<\/td><td class=\"column-2\"><a href=\"https:\/\/brhuecon.com\/2025\/descricao-das-palestras\/\" title=\"Descri\u00e7\u00e3o das Palestras\" rel=\"noopener\" target=\"_blank\">Construindo Defesas Inteligentes com OpenSource<\/a><\/td><td class=\"column-3\"><a href=\"https:\/\/brhuecon.com\/2025\/descricao-das-palestras\/\" title=\"Descri\u00e7\u00e3o das Palestras\" rel=\"noopener\" target=\"_blank\">Vitor Sugai<\/a><\/td>\n<\/tr>\n<tr class=\"row-7\">\n\t<td class=\"column-1\">19:45<\/td><td colspan=\"2\" class=\"column-2\">Snyk<\/td>\n<\/tr>\n<tr class=\"row-8\">\n\t<td class=\"column-1\">20:00<\/td><td class=\"column-2\"><a href=\"https:\/\/brhuecon.com\/2025\/descricao-das-palestras\/\" title=\"Descri\u00e7\u00e3o das Palestras\" rel=\"noopener\" target=\"_blank\">The Schr\u00f6dinger's ESC1 Vulnerability<\/a><\/td><td class=\"column-3\"><a href=\"https:\/\/brhuecon.com\/2025\/descricao-das-palestras\/\" title=\"Descri\u00e7\u00e3o das Palestras\" rel=\"noopener\" target=\"_blank\">Matheus Vilach\u00e3<\/a><\/td>\n<\/tr>\n<tr class=\"row-9\">\n\t<td class=\"column-1\">20:30<\/td><td class=\"column-2\"><a href=\"https:\/\/brhuecon.com\/2025\/descricao-das-palestras\/\" title=\"Descri\u00e7\u00e3o das Palestras\" rel=\"noopener\" target=\"_blank\">Old Tactics, New Weapons: Abusing Modern Software Stacks for Reliable Shell Access<\/a><\/td><td class=\"column-3\"><a href=\"https:\/\/brhuecon.com\/2025\/descricao-das-palestras\/\" title=\"Descri\u00e7\u00e3o das Palestras\" rel=\"noopener\" target=\"_blank\">Roberto \"espret0\" Soares<\/a><\/td>\n<\/tr>\n<tr class=\"row-10\">\n\t<td class=\"column-1\">21:00<\/td><td class=\"column-2\">Huehue ia better than LOL<\/td><td class=\"column-3\">Felipe Liatzkowski - Flipside<\/td>\n<\/tr>\n<tr class=\"row-11\">\n\t<td class=\"column-1\">21:15<\/td><td colspan=\"2\" class=\"column-2\">Encerramento das palestras<\/td>\n<\/tr>\n<\/tbody>\n<\/table>\n<!-- #tablepress-2 from cache -->\n\n\n\n<hr class=\"wp-block-separator has-alpha-channel-opacity\"\/>\n\n\n\n<h2 class=\"wp-block-heading has-text-align-center\">Trilha 2<\/h2>\n\n\n\n<table id=\"tablepress-3\" class=\"tablepress tablepress-id-3 tbody-has-connected-cells\">\n<thead>\n<tr class=\"row-1\">\n\t<th class=\"column-1\"><strong>Hora<\/strong><\/th><th class=\"column-2\"><strong>Tema<\/strong><\/th><th class=\"column-3\"><strong>Palestrante<\/strong><\/th>\n<\/tr>\n<\/thead>\n<tbody>\n<tr class=\"row-2\">\n\t<td class=\"column-1\">17:00<\/td><td colspan=\"2\" class=\"column-2\">Abertura<\/td>\n<\/tr>\n<tr class=\"row-3\">\n\t<td class=\"column-1\">18:15<\/td><td colspan=\"2\" class=\"column-2\">Tenable<\/td>\n<\/tr>\n<tr class=\"row-4\">\n\t<td class=\"column-1\">18:30<\/td><td class=\"column-2\"><a href=\"https:\/\/brhuecon.com\/2025\/descricao-das-palestras\/\" title=\"Descri\u00e7\u00e3o das Palestras\" rel=\"noopener\" target=\"_blank\">Panorama do Risco Cibern\u00e9tico no Brasil<\/a><\/td><td class=\"column-3\"><a href=\"https:\/\/brhuecon.com\/2025\/descricao-das-palestras\/\" title=\"Descri\u00e7\u00e3o das Palestras\" rel=\"noopener\" target=\"_blank\">Alexandre Brum<\/a><\/td>\n<\/tr>\n<tr class=\"row-5\">\n\t<td class=\"column-1\">19:00<\/td><td colspan=\"2\" class=\"column-2\">Lumu<\/td>\n<\/tr>\n<tr class=\"row-6\">\n\t<td class=\"column-1\">19:15<\/td><td class=\"column-2\">Como a Estrat\u00e9gia de Segmenta\u00e7\u00e3o Zero Trust pode evitar que incidentes se tornem Cat\u00e1strofes <br \/>\nCASO de USO: Grupo P\u00e3o de Acu\u00e7ar<\/td><td class=\"column-3\">Lais Moreira (Diretora Illumio) &amp; Carlos Eduardo (CISO GPA)<\/td>\n<\/tr>\n<tr class=\"row-7\">\n\t<td class=\"column-1\">19:30<\/td><td class=\"column-2\"><a href=\"https:\/\/brhuecon.com\/2025\/descricao-das-palestras\/\" title=\"Descri\u00e7\u00e3o das Palestras\" rel=\"noopener\" target=\"_blank\">AWS Cognito: Hidden Risks Behind Misconfigurations<\/a><\/td><td class=\"column-3\"><a href=\"https:\/\/brhuecon.com\/2025\/descricao-das-palestras\/\" title=\"Descri\u00e7\u00e3o das Palestras\" rel=\"noopener\" target=\"_blank\">Willian Marretti<\/a><\/td>\n<\/tr>\n<tr class=\"row-8\">\n\t<td class=\"column-1\">20:00<\/td><td colspan=\"2\" class=\"column-2\">Apura<\/td>\n<\/tr>\n<tr class=\"row-9\">\n\t<td class=\"column-1\">20:15<\/td><td class=\"column-2\"><a href=\"https:\/\/brhuecon.com\/2025\/descricao-das-palestras\/\" title=\"Descri\u00e7\u00e3o das Palestras\" rel=\"noopener\" target=\"_blank\">MacOS Malware: Breaking Barriers<\/a><\/td><td class=\"column-3\"><a href=\"https:\/\/brhuecon.com\/2025\/descricao-das-palestras\/\" title=\"Descri\u00e7\u00e3o das Palestras\" rel=\"noopener\" target=\"_blank\">Zoziel Pinto Freire<\/a><\/td>\n<\/tr>\n<tr class=\"row-10\">\n\t<td class=\"column-1\">20:45<\/td><td class=\"column-2\"><a href=\"https:\/\/brhuecon.com\/2025\/descricao-das-palestras\/\" title=\"Descri\u00e7\u00e3o das Palestras\" rel=\"noopener\" target=\"_blank\">Decoding New PDF Binaries: Unveiling Structures and Techniques in Malware Analysis<\/a><\/td><td class=\"column-3\"><a href=\"https:\/\/brhuecon.com\/2025\/descricao-das-palestras\/\" title=\"Descri\u00e7\u00e3o das Palestras\" rel=\"noopener\" target=\"_blank\">Filipi Pires<\/a><\/td>\n<\/tr>\n<tr class=\"row-11\">\n\t<td class=\"column-1\">21:15<\/td><td colspan=\"2\" class=\"column-2\">Encerramento das palestras<\/td>\n<\/tr>\n<\/tbody>\n<\/table>\n<!-- #tablepress-3 from cache -->\n\n\n\n<p><\/p>\n","protected":false},"excerpt":{"rendered":"<p>Trilha 1 Trilha 2<\/p>\n","protected":false},"author":1,"featured_media":0,"parent":0,"menu_order":0,"comment_status":"closed","ping_status":"closed","template":"","meta":{"om_disable_all_campaigns":false,"_monsterinsights_skip_tracking":false,"_monsterinsights_sitenote_active":false,"_monsterinsights_sitenote_note":"","_monsterinsights_sitenote_category":0,"neve_meta_sidebar":"","neve_meta_container":"","neve_meta_enable_content_width":"","neve_meta_content_width":0,"neve_meta_title_alignment":"","neve_meta_author_avatar":"","neve_post_elements_order":"","neve_meta_disable_header":"","neve_meta_disable_footer":"","neve_meta_disable_title":"","ngg_post_thumbnail":0,"footnotes":""},"class_list":["post-20","page","type-page","status-publish","hentry"],"aioseo_notices":[],"_links":{"self":[{"href":"https:\/\/brhuecon.com\/2025\/wp-json\/wp\/v2\/pages\/20","targetHints":{"allow":["GET"]}}],"collection":[{"href":"https:\/\/brhuecon.com\/2025\/wp-json\/wp\/v2\/pages"}],"about":[{"href":"https:\/\/brhuecon.com\/2025\/wp-json\/wp\/v2\/types\/page"}],"author":[{"embeddable":true,"href":"https:\/\/brhuecon.com\/2025\/wp-json\/wp\/v2\/users\/1"}],"replies":[{"embeddable":true,"href":"https:\/\/brhuecon.com\/2025\/wp-json\/wp\/v2\/comments?post=20"}],"version-history":[{"count":5,"href":"https:\/\/brhuecon.com\/2025\/wp-json\/wp\/v2\/pages\/20\/revisions"}],"predecessor-version":[{"id":402,"href":"https:\/\/brhuecon.com\/2025\/wp-json\/wp\/v2\/pages\/20\/revisions\/402"}],"wp:attachment":[{"href":"https:\/\/brhuecon.com\/2025\/wp-json\/wp\/v2\/media?parent=20"}],"curies":[{"name":"wp","href":"https:\/\/api.w.org\/{rel}","templated":true}]}}